{"id":124,"date":"2018-02-17T00:36:48","date_gmt":"2018-02-17T02:36:48","guid":{"rendered":"http:\/\/marcosbrasilico.com.br\/?page_id=124"},"modified":"2018-02-21T01:46:39","modified_gmt":"2018-02-21T01:46:39","slug":"atuacao-profissional","status":"publish","type":"page","link":"https:\/\/marcosbrasilico.com.br\/?page_id=124","title":{"rendered":"Atua\u00e7\u00e3o Profissional"},"content":{"rendered":"<table>\n<tbody>\n<tr>\n<td><strong>1. Universidade Estadual do Sudoeste da Bahia &#8211; UESB<\/strong><br \/>\nV\u00ednculo institucional: 2016<\/td>\n<\/tr>\n<tr>\n<td><strong>2. Universidade Federal da Bahia &#8211; UFBA<\/strong><br \/>\nV\u00ednculo institucional:2014<br \/>\nV\u00ednculo: Bolsista CNPQ<br \/>\nEnquadramento funcional: Bolsista de P\u00f3s-Doc Junior<br \/>\nCarga hor\u00e1ria: 40<br \/>\nRegime: Integral03\/2015 &#8211; Atual P\u00f3s-gradua\u00e7\u00e3o, Hist\u00f3ria<br \/>\nDisciplinas ministradas: Hist\u00f3ria religiosa moderna<\/td>\n<\/tr>\n<tr>\n<td><strong>3. Universidade Federal Rural de Pernambuco &#8211; UFRPE<\/strong><br \/>\nV\u00ednculo institucional: 2014<\/td>\n<\/tr>\n<tr>\n<td><strong>4. Prov\u00edncia Franciscana de Santo Ant\u00f4nio do Brasil &#8211; PFSAB<\/strong><br \/>\nV\u00ednculo institucional:2013<br \/>\nV\u00ednculo: Colaborador e Pesquisador<br \/>\nEnquadramento funcional: Pesquisador &#8211; Assessor<br \/>\nCarga hor\u00e1ria: 20<br \/>\nRegime: Parcial<br \/>\nOutras informa\u00e7\u00f5es: Historiador e Assessor da Prov\u00edncia Franciscana de Santo Antonio do Brasil<\/td>\n<\/tr>\n<tr>\n<td><strong>5. Universidade Cat\u00f3lica de Pernambuco &#8211; UNICAP<\/strong><br \/>\nV\u00ednculo institucional: 1995 &#8211; 2013<br \/>\nV\u00ednculo: Professor Adjunto I<br \/>\nEnquadramento funcional: Professor Adjunto I<br \/>\nCarga hor\u00e1ria: 20<br \/>\nRegime: Parcial<br \/>\nOutras informa\u00e7\u00f5es:<br \/>\nDisciplinas lecionadas: Historia da Igreja Antiga e Medieval &#8211; Historia da Igreja Moderna e Contempor\u00e2nea &#8211; Humanidade e Transcend\u00eancia &#8211; Humanismo e CidadaniaAtividades<br \/>\n08\/1995 &#8211; 07\/2013 Pesquisa e Desenvolvimento, Centro de Teologia e Ci\u00eancias Humanas<br \/>\nLinhas de pesquisa: Hist\u00f3ria Franciscana<br \/>\n08\/1995 &#8211; 06\/2013 Gradua\u00e7\u00e3o, Teologia<br \/>\nDisciplinas ministradas: Historia da Igreja na Am\u00e9rica Latina , Humanismo e Cidadania , Historia da Igreja Moderna e Contempor\u00e2nea , Historia da Igreja Antiga e Medieval , Historia da Igreja no Brasil , Humanidade e Transcend\u00eancia<\/td>\n<\/tr>\n<\/tbody>\n<\/table>\n<p>&nbsp;<\/p>\n<p><strong>LINHAS DE PESQUISA<\/strong><\/p>\n<table>\n<tbody>\n<tr>\n<td><strong>Hist\u00f3ria Franciscana<\/strong><br \/>\nObjetivos: Pesquisar e estudar S\u00e3o Francisco, os franciscanos e a expans\u00e3o da ordem franciscana nas quatro partes do mundo; Privilegiar o grupo franciscano no Brasil e a sua import\u00e2ncia na forma\u00e7\u00e3o da sociedade sociedade brasileira.<br \/>\nPalavras-chave: Cutura Religiosa, Identidade Religiosa, Arquivo Franciscano colonial, Franciscanos-Evangeliza\u00e7\u00e3o-Mundializa\u00e7\u00e3o<br \/>\n\u00c1reas do conhecimento : Historia dos Franciscanos no Brasil Colonial,Hist\u00f3ria do pensamento franciscano,Os franciscanos nas Quatro Partes do Mundo<br \/>\nSetores de atividade : Educa\u00e7\u00e3o<\/td>\n<\/tr>\n<\/tbody>\n<\/table>\n<p>&nbsp;<\/p>\n<p><strong>PROJETOS<\/strong><\/p>\n<table>\n<tbody>\n<tr>\n<td><strong>2016 &#8211; Museu Pedag\u00f3gico: a educa\u00e7\u00e3o n\u00e3o-escolar<\/strong><br \/>\nSitua\u00e7\u00e3o: Em andamento Natureza: Projetos de pesquisa<br \/>\nIntegrantes: Marcos Antonio de Almeida (Respons\u00e1vel); Ana Palmira Bittencourt Santos Casimiro2014 &#8211; 2016 Orbe Ser\u00e1fico, Novo Bras\u00edlico. O pensamento franciscano moderno: Roma\/Madri\/Lisboa\/Olinda\/Jo\u00e3o Pessoa\/Salvador (s\u00e9cs. XVI-XVIII),<br \/>\nDescri\u00e7\u00e3o: Propjeto de pesquisa em andamento, financiado pelko CNPq e realizado no PPGH-UFBA<br \/>\nSitua\u00e7\u00e3o: Conclu\u00eddo Natureza: Projetos de pesquisa<br \/>\nIntegrantes: Marcos Antonio de Almeida (Respons\u00e1vel); Evergton Sales Souza; marcos antonio de almeida<br \/>\nFinanciador(es): Conselho Nacional de Desenvolvimento Cient\u00edfico e Tecnol\u00f3gico-CNPq<br \/>\nN\u00famero de produ\u00e7\u00f5es C,T &amp; A: 4\/2014 &#8211; Atual Pol\u00edtica, Institui\u00e7\u00f5es e Identidades<br \/>\nDescri\u00e7\u00e3o: Estudo e pesquisa sobre os letrados pernambucanos no s\u00e9culo XVIII. Dois deles, Fr. Ant\u00f4nio de Santa Maria Jaboat\u00e3o e Dom Domingos do Loreto Couto, ser\u00e3o pontes para uma investiga\u00e7\u00e3o sobre a rela\u00e7\u00e3o entre espiritualidade e pol\u00edtica na forma\u00e7\u00e3o do Brasil. Pretendemos pensar sobre a constru\u00e7\u00e3o identit\u00e1ria do Brasil num contexto de transforma\u00e7\u00f5es sociorreligosas e pol\u00edticas entre a coroa portuguesa, a Igreja e as institui\u00e7\u00f5es religiosas no Brasil colonial.<br \/>\nSitua\u00e7\u00e3o: Em andamento Natureza: Projetos de pesquisa<br \/>\nIntegrantes: Marcos Antonio de Almeida (Respons\u00e1vel).<\/td>\n<\/tr>\n<\/tbody>\n<\/table>\n<p>&nbsp;<\/p>\n<p><strong>REVISOR DE PERI\u00d3DICO<\/strong><\/p>\n<table>\n<tbody>\n<tr>\n<td><strong>1. Educa\u00e7\u00e3o e Pesquisa &#8211; Revista da Faculdade de Educa\u00e7\u00e3o da USP<\/strong><br \/>\n2016 &#8211; Regime: Parcial<\/td>\n<\/tr>\n<tr>\n<td><strong>2. Clio. S\u00e9rie Hist\u00f3ria do Nordeste (UFPE)<\/strong><br \/>\n2016 &#8211; Regime: Parcial<br \/>\n2016 &#8211; Regime: Parcial<br \/>\nOutras informa\u00e7\u00f5es: Parecer de artigo<br \/>\nfinalizado: n\u00b0 34 (2016), ISSN 0102-9487<\/td>\n<\/tr>\n<tr>\n<td><strong>3. Revista de Historia da USP 0034-8309<\/strong><br \/>\n2013 &#8211; egime: Parcial<br \/>\nOutras informa\u00e7\u00f5es: Parecerista para a Revista de Historia da USP, Ref. A025\/13<\/td>\n<\/tr>\n<\/tbody>\n<\/table>\n<p>&nbsp;<\/p>\n<p><strong>\u00c1REA DE ATUA\u00c7\u00c3O<\/strong><\/p>\n<table>\n<tbody>\n<tr>\n<td>1. Historia da Igreja Antiga e Medieval<br \/>\n2. Hist\u00f3ria Moderna e Contempor\u00e2nea<br \/>\n3. Hist\u00f3ria da Igreja Cat\u00f3lica no Brasil<br \/>\n4. Humanismo e Cidadania<br \/>\n5. Humanidade e Transcend\u00eancia<\/td>\n<\/tr>\n<\/tbody>\n<\/table>\n<p>&nbsp;<\/p>\n<p><strong>IDIOMAS<\/strong><\/p>\n<table>\n<tbody>\n<tr>\n<td>Ingl\u00eas Compreende Pouco , Fala Pouco , Escreve Pouco , L\u00ea Pouco<br \/>\nEspanhol Compreende Razoavelmente , Fala Razoavelmente , Escreve Pouco , L\u00ea Razoavelmente<br \/>\nFranc\u00eas Compreende Bem , Fala Bem , Escreve Bem , L\u00ea Bem<br \/>\nItaliano Compreende Razoavelmente , Fala Razoavelmente , Escreve Pouco , L\u00ea Razoavelmente<br \/>\nLatim Compreende Razoavelmente , Fala Pouco , Escreve Pouco , L\u00ea Razoavelmente<\/td>\n<\/tr>\n<\/tbody>\n<\/table>\n<p>&nbsp;<\/p>\n<p><strong>PR\u00caMIOS E T\u00cdTULOS<\/strong><\/p>\n<table>\n<tbody>\n<tr>\n<td>2012 &#8211; Tese de doutorado &#8211; Tr\u00e8s honorable avec f\u00e9licitation, EHESS-Paris<\/td>\n<\/tr>\n<\/tbody>\n<\/table>\n","protected":false},"excerpt":{"rendered":"<p>1. Universidade Estadual do Sudoeste da Bahia &#8211; UESB V\u00ednculo institucional: 2016 2. Universidade Federal da Bahia &#8211; UFBA V\u00ednculo institucional:2014 V\u00ednculo: Bolsista CNPQ Enquadramento funcional: Bolsista de P\u00f3s-Doc Junior Carga hor\u00e1ria: 40 Regime: Integral03\/2015 &#8211; Atual P\u00f3s-gradua\u00e7\u00e3o, Hist\u00f3ria Disciplinas ministradas: Hist\u00f3ria religiosa moderna 3. Universidade Federal Rural de Pernambuco &#8211; UFRPE V\u00ednculo institucional: 2014 [&hellip;]<\/p>\n","protected":false},"author":1,"featured_media":0,"parent":0,"menu_order":0,"comment_status":"closed","ping_status":"closed","template":"","meta":{"footnotes":""},"class_list":["post-124","page","type-page","status-publish","hentry"],"_hostinger_reach_plugin_has_subscription_block":false,"_hostinger_reach_plugin_is_elementor":false,"_links":{"self":[{"href":"https:\/\/marcosbrasilico.com.br\/index.php?rest_route=\/wp\/v2\/pages\/124","targetHints":{"allow":["GET"]}}],"collection":[{"href":"https:\/\/marcosbrasilico.com.br\/index.php?rest_route=\/wp\/v2\/pages"}],"about":[{"href":"https:\/\/marcosbrasilico.com.br\/index.php?rest_route=\/wp\/v2\/types\/page"}],"author":[{"embeddable":true,"href":"https:\/\/marcosbrasilico.com.br\/index.php?rest_route=\/wp\/v2\/users\/1"}],"replies":[{"embeddable":true,"href":"https:\/\/marcosbrasilico.com.br\/index.php?rest_route=%2Fwp%2Fv2%2Fcomments&post=124"}],"version-history":[{"count":16,"href":"https:\/\/marcosbrasilico.com.br\/index.php?rest_route=\/wp\/v2\/pages\/124\/revisions"}],"predecessor-version":[{"id":212,"href":"https:\/\/marcosbrasilico.com.br\/index.php?rest_route=\/wp\/v2\/pages\/124\/revisions\/212"}],"wp:attachment":[{"href":"https:\/\/marcosbrasilico.com.br\/index.php?rest_route=%2Fwp%2Fv2%2Fmedia&parent=124"}],"curies":[{"name":"wp","href":"https:\/\/api.w.org\/{rel}","templated":true}]}}