{"id":468,"date":"2018-02-26T17:00:16","date_gmt":"2018-02-26T17:00:16","guid":{"rendered":"http:\/\/marcosbrasilico.com.br\/?page_id=468"},"modified":"2018-07-10T20:08:37","modified_gmt":"2018-07-10T20:08:37","slug":"artigos","status":"publish","type":"page","link":"https:\/\/marcosbrasilico.com.br\/?page_id=468","title":{"rendered":"Artigos"},"content":{"rendered":"<table>\n<tbody>\n<tr>\n<td style=\"text-align: left; padding: 10px; font-weight: 800;\" valign=\"top\" width=\"50%\">ARTIGOS<\/td>\n<td style=\"text-align: left; padding: 10px; font-weight: 800;\" valign=\"top\" width=\"50%\">TESE<\/td>\n<\/tr>\n<tr>\n<td style=\"text-align: left; padding: 10px;\" valign=\"top\"><a href=\"http:\/\/marcosbrasilico.com.br\/artigos\/condicao_feminina.PDF\" target=\"_blanck\">CONDI\u00c7\u00c3O FEMININA NO IMP\u00c9RIO COLONIAL PORTUGU\u00caS<\/a><\/td>\n<td style=\"text-align: left; padding: 10px;\" valign=\"top\"><a href=\"http:\/\/marcosbrasilico.com.br\/tese\/these_finale.pdf\">TESE VOLUME I &#8211; ESCRITA<\/a><\/td>\n<\/tr>\n<tr>\n<td style=\"text-align: left; padding: 10px;\" valign=\"top\"><a href=\"http:\/\/marcosbrasilico.com.br\/artigos\/monarquia.PDF\" target=\"_blanck\">DE LA MONARQUIA HISP\u00c2NICA<\/a><\/td>\n<td style=\"text-align: left; padding: 10px;\" valign=\"top\"><a href=\"http:\/\/marcosbrasilico.com.br\/tese\/these_finale_volume_II.pdf\">TESE VOLUME II &#8211; ILUSTRA\u00c7\u00d5ES<\/a><\/td>\n<\/tr>\n<tr>\n<td style=\"text-align: left; padding: 10px;\" valign=\"top\"><a href=\"http:\/\/marcosbrasilico.com.br\/artigos\/franciscanas.PDF\" target=\"_blanck\">DEVO\u00c7\u00d5ES FRANCISCANAS NA BAHIA COLONIAL<\/a><\/td>\n<td style=\"text-align: left; padding: 10px;\" valign=\"top\"><\/td>\n<\/tr>\n<tr>\n<td style=\"text-align: left; padding: 10px;\" valign=\"top\"><a href=\"http:\/\/marcosbrasilico.com.br\/artigos\/franciscains_of_transition.PDF\" target=\"_blanck\">FRANCISCAINS OF TRANSITION<\/a><\/td>\n<td style=\"text-align: left; padding: 10px;\" valign=\"top\"><\/td>\n<\/tr>\n<tr>\n<td style=\"text-align: left; padding: 10px;\" valign=\"top\"><a href=\"http:\/\/marcosbrasilico.com.br\/artigos\/franciscanos-baianos.PDF\" target=\"_blanck\">FRANCISCANOS BAIANOS &#8211; PERNAMBUCANOS &#8211; PORTUGUESES<\/a><\/td>\n<td style=\"text-align: left; padding: 10px;\" valign=\"top\"><\/td>\n<\/tr>\n<tr>\n<td style=\"text-align: left; padding: 10px;\" valign=\"top\"><a href=\"http:\/\/marcosbrasilico.com.br\/artigos\/franciscanos_epoca.PDF\" target=\"_blanck\">FRANCISCANOS EM \u00c9POCA DE TRANSI\u00c7\u00c3O<\/a><\/td>\n<td style=\"text-align: left; padding: 10px;\" valign=\"top\"><\/td>\n<\/tr>\n<tr>\n<td style=\"text-align: left; padding: 10px;\" valign=\"top\"><a href=\"http:\/\/marcosbrasilico.com.br\/artigos\/historia_mundo.PDF\" target=\"_blanck\">HIST\u00d3RIA DO MUNDO ATL\u00c2NTICO<\/a><\/td>\n<td style=\"text-align: left; padding: 10px;\" valign=\"top\"><\/td>\n<\/tr>\n<tr>\n<td style=\"text-align: left; padding: 10px;\" valign=\"top\"><a href=\"http:\/\/marcosbrasilico.com.br\/artigos\/irmandade.PDF\" target=\"_blanck\">IRMANDADE DE S\u00c3O GON\u00c7ALO GARCIA<\/a><\/td>\n<td style=\"text-align: left; padding: 10px;\" valign=\"top\"><\/td>\n<\/tr>\n<tr>\n<td style=\"text-align: left; padding: 10px;\" valign=\"top\"><a href=\"http:\/\/marcosbrasilico.com.br\/artigos\/ser_escravo_%20conventos.pdf\" target=\"_blanck\">SER ESCRAVO NOS CONVENTOS FRANCISCANOS &#8211; 2016<\/a><\/td>\n<td style=\"text-align: left; padding: 10px;\" valign=\"top\"><\/td>\n<\/tr>\n<tr>\n<td style=\"text-align: left; padding: 10px;\" valign=\"top\"><a href=\"http:\/\/marcosbrasilico.com.br\/artigos\/reinventando.pdf\">REINVENTANDO A M\u00cdSTICA FRANCISCANA NO BRASIL DO S\u00c9CULO XVIII<\/a><\/td>\n<td style=\"text-align: left; padding: 10px;\" valign=\"top\"><\/td>\n<\/tr>\n<tr>\n<td style=\"text-align: left; padding: 10px;\" valign=\"top\"><\/td>\n<td style=\"text-align: left; padding: 10px;\" valign=\"top\"><\/td>\n<\/tr>\n<\/tbody>\n<\/table>\n","protected":false},"excerpt":{"rendered":"<p>ARTIGOS TESE CONDI\u00c7\u00c3O FEMININA NO IMP\u00c9RIO COLONIAL PORTUGU\u00caS TESE VOLUME I &#8211; ESCRITA DE LA MONARQUIA HISP\u00c2NICA TESE VOLUME II &#8211; ILUSTRA\u00c7\u00d5ES DEVO\u00c7\u00d5ES FRANCISCANAS NA BAHIA COLONIAL FRANCISCAINS OF TRANSITION FRANCISCANOS BAIANOS &#8211; PERNAMBUCANOS &#8211; PORTUGUESES FRANCISCANOS EM \u00c9POCA DE TRANSI\u00c7\u00c3O HIST\u00d3RIA DO MUNDO ATL\u00c2NTICO IRMANDADE DE S\u00c3O GON\u00c7ALO GARCIA SER ESCRAVO NOS CONVENTOS FRANCISCANOS [&hellip;]<\/p>\n","protected":false},"author":2,"featured_media":0,"parent":0,"menu_order":0,"comment_status":"closed","ping_status":"closed","template":"","meta":{"footnotes":""},"class_list":["post-468","page","type-page","status-publish","hentry"],"_hostinger_reach_plugin_has_subscription_block":false,"_hostinger_reach_plugin_is_elementor":false,"_links":{"self":[{"href":"https:\/\/marcosbrasilico.com.br\/index.php?rest_route=\/wp\/v2\/pages\/468","targetHints":{"allow":["GET"]}}],"collection":[{"href":"https:\/\/marcosbrasilico.com.br\/index.php?rest_route=\/wp\/v2\/pages"}],"about":[{"href":"https:\/\/marcosbrasilico.com.br\/index.php?rest_route=\/wp\/v2\/types\/page"}],"author":[{"embeddable":true,"href":"https:\/\/marcosbrasilico.com.br\/index.php?rest_route=\/wp\/v2\/users\/2"}],"replies":[{"embeddable":true,"href":"https:\/\/marcosbrasilico.com.br\/index.php?rest_route=%2Fwp%2Fv2%2Fcomments&post=468"}],"version-history":[{"count":16,"href":"https:\/\/marcosbrasilico.com.br\/index.php?rest_route=\/wp\/v2\/pages\/468\/revisions"}],"predecessor-version":[{"id":747,"href":"https:\/\/marcosbrasilico.com.br\/index.php?rest_route=\/wp\/v2\/pages\/468\/revisions\/747"}],"wp:attachment":[{"href":"https:\/\/marcosbrasilico.com.br\/index.php?rest_route=%2Fwp%2Fv2%2Fmedia&parent=468"}],"curies":[{"name":"wp","href":"https:\/\/api.w.org\/{rel}","templated":true}]}}